13 + -5?
-121
In base 14, what is 3b - a?
31
In base 12, what is -8b - -8?
-83
In base 6, what is 45 - -13?
102
In base 10, what is 385 + 2?
387
In base 16, what is -289 - 0?
-289
In base 3, what is 1202221220 + 10?
1202222000
In base 6, what is 3311 - 1?
3310
In base 14, what is 6 + 1c53?
1c59
In base 8, what is 151 - -2?
153
In base 12, what is 9 - 59?
-50
In base 15, what is -bb9 - 4?
-bbd
In base 11, what is -2 + 28?
26
In base 13, what is 0 - -49a?
49a
In base 11, what is -90 - 4?
-94
In base 16, what is -2 + -1eb?
-1ed
In base 8, what is -1 + 155?
154
In base 5, what is 0 + 232?
232
In base 10, what is 6 + -136?
-130
In base 7, what is 0 - -252?
252
In base 3, what is -10 + 210002?
202222
In base 11, what is 18 - -43?
60
In base 14, what is 5 + 34?
39
In base 4, what is -2 - 22111?
-22113
In base 14, what is -50 + 10?
-40
In base 14, what is b0 - 4?
aa
In base 11, what is 271 + -4?
268
In base 4, what is 11 - -200211?
200222
In base 10, what is -257 + -5?
-262
In base 10, what is -1 - -29?
28
In base 5, what is 0 + -12?
-12
In base 12, what is -123 + -4?
-127
In base 3, what is -12 - -1111?
1022
In base 10, what is -17 + 4?
-13
In base 12, what is 17 - 13?
4
In base 2, what is -10001 + 10010001?
10000000
In base 6, what is 11 + -1101?
-1050
In base 16, what is 0 - 4?
-4
In base 3, what is -1112 - -10010?
1121
In base 16, what is 23 + c?
2f
In base 13, what is -5995 - 4?
-5999
In base 9, what is -3 + -1101?
-1104
In base 9, what is -2 + 1578?
1576
In base 6, what is 2 + 2334?
2340
In base 11, what is 1613 - 4?
160a
In base 4, what is 2 - 1111133?
-1111131
In base 10, what is -1 - -44?
43
In base 7, what is 535 + 6?
544
In base 13, what is -c + -1ba?
-1c9
In base 2, what is 10101 - -1001010?
1011111
In base 4, what is 13 - 3311?
-3232
In base 4, what is -2003 - 11?
-2020
In base 13, what is 3 + 26?
29
In base 5, what is 2032 + 1?
2033
In base 2, what is -10 - 11111011?
-11111101
In base 11, what is -11 - -23?
12
In base 10, what is 0 - 38?
-38
In base 7, what is -4 + -12060?
-12064
In base 12, what is -7 + 222?
217
In base 12, what is -215 + 3?
-212
In base 4, what is 101020 - 3?
101011
In base 3, what is -10101 + 1102?
-1222
In base 15, what is 5 + b8?
bd
In base 10, what is -79 + 0?
-79
In base 9, what is -360 + -1?
-361
In base 10, what is 104 + 7?
111
In base 8, what is 267 + 4?
273
In base 6, what is -3 - 4350?
-4353
In base 12, what is 2 + 1224?
1226
In base 8, what is 2 + 150?
152
In base 7, what is -21 + 41?
20
In base 2, what is 1101101001 - -10001?
1101111010
In base 8, what is 0 + -65?
-65
In base 15, what is -1 - -79e?
79d
In base 7, what is -4 + 14411?
14404
In base 16, what is -18c7 - -5?
-18c2
In base 5, what is 1142 - -3?
1200
In base 11, what is 410 - 15?
3a6
In base 11, what is -3a99 + 3?
-3a96
In base 14, what is 3 + d13?
d16
In base 8, what is 0 + -122?
-122
In base 12, what is b - -10?
1b
In base 5, what is 14 + -2?
12
In base 3, what is -1212 - 0?
-1212
In base 12, what is -2a + -15?
-43
In base 11, what is -15 + 27?
12
In base 15, what is 2 - -64?
66
In base 16, what is -2 + b?
9
In base 7, what is 424 + 1?
425
In base 3, what is 12112 + 12?
12201
In base 4, what is 221310 - 3?
221301
In base 11, what is -32 + -568?
-59a
In base 2, what is -11 - 1111010?
-1111101
In base 3, what is -111200 - 11?
-111211
In base 7, what is 255 + 1?
256
In base 4, what is -10 - -112?
102
In base 11, what is 3 - 76?
-73
In base 6, what is 1015 - -13?
1032
In base 7, what is -1102 - -5?
-1064
In base 16, what is -8 - -113?
10b
In base 8, what is 4054 + -4?
4050
In base 8, what is 1313 - -3?
1316
In base 10, what is -9331 + 2?
-9329
In base 3, what is 2 - -20100?
20102
In base 12, what is 69 + 4?
71
In base 12, what is 0 - 1162?
-1162
In base 16, what is 29 - 12?
17
In base 13, what is -c1 + 2a?
-94
In base 8, what is 5 + 2733?
2740
In base 11, what is -48 + -5?
-52
In base 14, what is 0 + -1484?
-1484
In base 15, what is -67 - 1?
-68
In base 5, what is -434 + 1?
-433
In base 13, what is -1c - 47?
-66
In base 3, what is -1002 - -2?
-1000
In base 15, what is -1a - -52?
37
In base 13, what is -18bc + -4?
-18c3
In base 12, what is -2 - -1b?
19
In base 14, what is -d27 - 0?
-d27
In base 14, what is -bb + 5?
-b6
In base 12, what is 4 + 97?
9b
In base 2, what is -111111 - 11110?
-1011101
In base 7, what is -10466 - -11?
-10455
In base 6, what is -5 + 335?
330
In base 11, what is -46 + 5?
-41
In base 9, what is 11080 + -3?
11076
In base 10, what is -40 - -41?
1
In base 7, what is 13 - -66?
112
In base 11, what is -20a7 - 3?
-20aa
In base 7, what is -1 + -16045?
-16046
In base 15, what is a6 - 4?
a2
In base 3, what is -112000 - 12?
-112012
In base 9, what is 1 - 58?
-57
In base 8, what is -1106 - -12?
-1074
In base 14, what is 2 + 19b?
19d
In base 5, what is 22220 + -3?
22212
In base 11, what is 2 - 270?
-269
In base 5, what is -20 + -140?
-210
In base 6, what is 21 - 3?
14
In base 6, what is -225 + -3?
-232
In base 10, what is 80 + 14?
94
In base 5, what is 3 + 2142?
2200
In base 12, what is 554 + -4?
550
In base 10, what is 9 - -488?
497
In base 9, what is -1 + -76?
-77
In base 5, what is 134 + -12?
122
In base 12, what is 43 - 44?
-1
In base 11, what is 4 + -122?
-119
In base 5, what is 2040 - 3?
2032
In base 15, what is -33 - -107?
c4
In base 9, what is 407 + 5?
413
In base 2, what is -1011 - 1000110?
-1010001
In base 6, what is 3051 - -4?
3055
In base 4, what is -1013 + 3?
-1010
In base 11, what is 12512 + 4?
12516
In base 3, what is 1020 - -11?
1101
In base 6, what is -432013 + 0?
-432013
In base 15, what is -2 - -5e2?
5e0
In base 10, what is 1955 - 4?
1951
In base 9, what is -70 + -3?
-73
In base 14, what is a97 - -7?
aa0
In base 8, what is -5 - -606?
601
In base 6, what is -424 + 1?
-423
In base 14, what is 4 - 10?
-a
In base 14, what is 1 - -46d?
470
In base 2, what is 1110001 - -10011?
10000100
In base 15, what is -22 + -14?
-36
In base 16, what is -45b3 - -4?
-45af
In base 3, what is 0 - -1220?
1220
In base 8, what is 0 + 174?
174
In base 5, what is -3331 + 0?
-3331
In base 8, what is -1776 + 3?
-1773
In base 9, what is 0 - 270?
-270
In base 7, what is 24 - 5?
16
In base 5, what is 1 + 202332?
202333
In base 4, what is -32 - 1022?
-1120
In base 2, what is -1100 + -101110110?
-110000010
In base 13, what is 216 - 2?
214
In base 14, what is -2 + -13?
-15
In base 2, what is -1000000 + -1000101?
-10000101
In base 10, what is -165 - -39?
-126
In base 16, what is -46 + -c?
-52
In base 10, what is 1573 + 1?
1574
In base 6, what is 3 - -1132?
1135
In base 6, what is 10 - -2214?
2224
In base 5, what is -10042 + 11?
-10031
In base 7, what is -4 - -15?
11
In base 15, what is -4 - 1b41?
-1b45
In base 11, what is -2890 - 2?
-2892
In base 5, what is 100311 + -10?
100301
In base 8, what is -2111 - 16?
-2127
In base 3, what is 1000 - 100012?
-22012
In base 14, what is 11 + -16?
-5
In base 16, what is 5 - -15?
1a
In base 2, what is -101 + 1010011000?
1010010011
In base 10, what is -1610 - 13?
-1623
In base 15, what is 35b + -11?
34a
In base 16, what is 15 - -4?
19
In base 12, what is -10 + -136?
-146
In base 8, what is -1 - -1760?
1757
In base 8, what is 3 + 1641?
1644
In base 5, what is 30110 + -10?
30100
In base 11, what is -2 - 3?
-5
In base 3, what is 2 + -102?
-100
In base 3, what is -101 + -2212022?
-2212200
In base 4, what is -2 + -1120?
-1122
In base 15, what is -24 - -13c?
118
In base 11, what is 73 + 339?
401
In base 11, what is -173 + 2?
-171
In base 9, what is 0 + 180?
180
In base 10, what is -23 - 44?
-67
In base 14, what is 1 + 1a?
1b
In base 16, what is -107 - 0?
-107
In base 6, what is 53 - -1?
54
In base 7, what is 310 - -2?
312
In base 6, what is 105 - -14?
123
In base 16, what is -190 - -1d?
-173
In base 12, what is 3 + -27?
-24
In base 3, what is 22222 + -12?
22210
In base 11, what is -1a - -2a?
10
In base 7, what is -3 - -1140?
1134
In base 12, what is -19 + 24?
7
In base 2, what is 100 - 101100001000?
-101100000100
In base 16, what is -3 + 20b?
208
In base 6, what is 1014 - -5?
1023
In base 3, what is 11 - -1120000?
1120011
In base 3, what is -1 + -2001100?
-2001101
In base 10, what is -10 - -2?
-8
In base 12, what is 82 - 1?
81
In base 14, what is 3 - -3d5?
3d8
In base 16, what is 6 - 17?
-11
In base 7, what is 20206 + 1?
202